hen 56632 is divided by 140.
72
Calculate the remainder when 157087 is divided by 32.
31
Calculate the remainder when 47611 is divided by 16.
11
What is the remainder when 221277 is divided by 480?
477
What is the remainder when 3300 is divided by 88?
44
Calculate the remainder when 34932 is divided by 241.
228
Calculate the remainder when 2038 is divided by 33.
25
Calculate the remainder when 28082 is divided by 37.
36
What is the remainder when 318 is divided by 300?
18
What is the remainder when 11209 is divided by 156?
133
What is the remainder when 357244 is divided by 517?
514
Calculate the remainder when 459637 is divided by 108.
97
What is the remainder when 3372 is divided by 84?
12
What is the remainder when 23709 is divided by 539?
532
Calculate the remainder when 15571 is divided by 56.
3
What is the remainder when 7933 is divided by 2584?
181
Calculate the remainder when 190458 is divided by 161.
156
Calculate the remainder when 150769 is divided by 13.
8
Calculate the remainder when 45982 is divided by 6.
4
Calculate the remainder when 620229 is divided by 12.
9
Calculate the remainder when 11937 is divided by 918.
3
Calculate the remainder when 34537 is divided by 751.
742
What is the remainder when 1665013 is divided by 33300?
13
What is the remainder when 15210 is divided by 177?
165
Calculate the remainder when 1266752 is divided by 316687.
4
What is the remainder when 6264394 is divided by 305?
304
Calculate the remainder when 74928 is divided by 273.
126
What is the remainder when 197 is divided by 48?
5
What is the remainder when 1329 is divided by 283?
197
What is the remainder when 1934 is divided by 16?
14
Calculate the remainder when 325805 is divided by 16.
13
Calculate the remainder when 332710 is divided by 18.
16
What is the remainder when 3166 is divided by 575?
291
What is the remainder when 32921 is divided by 966?
77
What is the remainder when 5353 is divided by 63?
61
What is the remainder when 77693 is divided by 10?
3
Calculate the remainder when 93623 is divided by 83.
82
Calculate the remainder when 113861 is divided by 941.
0
Calculate the remainder when 278771 is divided by 413.
409
Calculate the remainder when 7118 is divided by 1778.
6
What is the remainder when 9462 is divided by 1143?
318
Calculate the remainder when 11708 is divided by 239.
236
What is the remainder when 64946 is divided by 147?
119
Calculate the remainder when 7614 is divided by 245.
19
What is the remainder when 27109 is divided by 2424?
445
Calculate the remainder when 92741 is divided by 79.
74
What is the remainder when 1556 is divided by 216?
44
Calculate the remainder when 95079 is divided by 138.
135
Calculate the remainder when 9313 is divided by 126.
115
What is the remainder when 22270 is divided by 3707?
28
Calculate the remainder when 6909 is divided by 35.
14
Calculate the remainder when 23498 is divided by 841.
791
Calculate the remainder when 7118 is divided by 340.
318
What is the remainder when 38125 is divided by 41?
36
What is the remainder when 141747 is divided by 378?
375
What is the remainder when 10634 is divided by 927?
437
What is the remainder when 32169 is divided by 315?
39
Calculate the remainder when 669692 is divided by 1434.
14
Calculate the remainder when 8768 is divided by 211.
117
What is the remainder when 163008 is divided by 163007?
1
What is the remainder when 20483 is divided by 20390?
93
Calculate the remainder when 20158 is divided by 36.
34
What is the remainder when 13201 is divided by 46?
45
Calculate the remainder when 1346 is divided by 168.
2
Calculate the remainder when 4638 is divided by 35.
18
What is the remainder when 466580 is divided by 77?
37
Calculate the remainder when 106577 is divided by 1501.
6
What is the remainder when 789753 is divided by 131624?
9
What is the remainder when 755104 is divided by 377523?
58
What is the remainder when 10013 is divided by 286?
3
What is the remainder when 2157 is divided by 2?
1
What is the remainder when 6729 is divided by 40?
9
What is the remainder when 2690 is divided by 645?
110
Calculate the remainder when 1239 is divided by 208.
199
What is the remainder when 8166 is divided by 223?
138
What is the remainder when 3815 is divided by 280?
175
What is the remainder when 191600 is divided by 49?
10
Calculate the remainder when 82109 is divided by 157.
155
What is the remainder when 187698 is divided by 93834?
30
Calculate the remainder when 6721 is divided by 120.
1
Calculate the remainder when 28492 is divided by 950.
942
What is the remainder when 302217 is divided by 1913?
1876
Calculate the remainder when 63512 is divided by 47.
15
Calculate the remainder when 12558 is divided by 72.
30
Calculate the remainder when 32695 is divided by 134.
133
What is the remainder when 159081 is divided by 3119?
12
What is the remainder when 2248 is divided by 31?
16
Calculate the remainder when 3534 is divided by 19.
0
What is the remainder when 713225 is divided by 886?
881
What is the remainder when 4596 is divided by 121?
119
What is the remainder when 2875 is divided by 225?
175
Calculate the remainder when 68125 is divided by 8514.
13
What is the remainder when 9314 is divided by 744?
386
Calculate the remainder when 11421 is divided by 5304.
813
Calculate the remainder when 28375 is divided by 8.
7
Calculate the remainder when 6591 is divided by 6582.
9
What is the remainder when 125086 is divided by 116?
38
Calculate the remainder when 12756 is divided by 105.
51
Calculate the remainder when 68254 is divided by 17062.
6
What is the remainder when 1950 is divided by 1003?
947
What is the remainder when 387651 is divided by 29?
8
What is the remainder when 162703 is divided by 546?
541
Calculate the remainder when 7626 is divided by 7623.
3
Calculate the remainder when 42296 is divided by 90.
86
Calculate the remainder when 7068 is divided by 272.
268
What is the remainder when 15866 is divided by 882?
872
What is the remainder when 7977 is divided by 496?
41
Calculate the remainder when 24636 is divided by 43.
40
Calculate the remainder when 5197 is divided by 226.
225
Calculate the remainder when 63605 is divided by 7.
3
Calculate the remainder when 27978 is divided by 152.
10
Calculate the remainder when 673084 is divided by 608.
28
Calculate the remainder when 291 is divided by 11.
5
Calculate the remainder when 1880622 is divided by 15.
12
What is the remainder when 4343 is divided by 56?
31
Calculate the remainder when 4911 is divided by 166.
97
What is the remainder when 35050 is divided by 16?
10
Calculate the remainder when 2949 is divided by 460.
189
Calculate the remainder when 4860 is divided by 193.
35
Calculate the remainder when 13771 is divided by 266.
205
Calculate the remainder when 2112551 is divided by 34.
29
What is the remainder when 73863 is divided by 236?
231
What is the remainder when 16081 is divided by 28?
9
What is the remainder when 47165 is divided by 2245?
20
Calculate the remainder when 1550737 is divided by 68.
65
Calculate the remainder when 45931 is divided by 116.
111
Calculate the remainder when 123494 is divided by 51.
23
What is the remainder when 25338 is divided by 5058?
48
What is the remainder when 64740 is divided by 1619?
1599
What is the remainder when 13110 is divided by 4369?
3
What is the remainder when 10829 is divided by 4508?
1813
What is the remainder when 101198 is divided by 44?
42
Calculate the remainder when 11330 is divided by 1399.
138
Calculate the remainder when 35141 is divided by 35057.
84
Calculate the remainder when 114356 is divided by 131.
124
Calculate the remainder when 80038 is divided by 2286.
28
What is the remainder when 9507 is divided by 8661?
846
Calculate the remainder when 145650 is divided by 296.
18
Calculate the remainder when 9708 is divided by 5.
3
What is the remainder when 3771 is divided by 1042?
645
Calculate the remainder when 2402 is divided by 458.
112
What is the remainder when 41931 is divided by 306?
9
Calculate the remainder when 79057 is divided by 7.
6
Calculate the remainder when 9712 is divided by 7805.
1907
Calculate the remainder when 2227679 is divided by 180.
179
Calculate the remainder when 4904 is divided by 475.
154
What is the rem